ivided by 1937.
1890
Calculate the remainder when 879314 is divided by 36610.
674
Calculate the remainder when 8395944 is divided by 2798558.
270
What is the remainder when 17681271 is divided by 27?
24
Calculate the remainder when 9596616 is divided by 3198835.
111
What is the remainder when 91398 is divided by 4570?
4568
What is the remainder when 3005939 is divided by 109?
46
What is the remainder when 364762 is divided by 217?
202
What is the remainder when 10525232 is divided by 35?
32
Calculate the remainder when 5514 is divided by 5514.
0
Calculate the remainder when 3051093 is divided by 1017029.
6
Calculate the remainder when 7452497 is divided by 2484161.
14
Calculate the remainder when 5467389 is divided by 144.
141
Calculate the remainder when 1807954 is divided by 3.
1
What is the remainder when 123610642 is divided by 783?
781
Calculate the remainder when 16364 is divided by 1206.
686
Calculate the remainder when 3174350 is divided by 18.
14
Calculate the remainder when 64153 is divided by 21380.
13
What is the remainder when 391716 is divided by 9678?
4596
What is the remainder when 1029021 is divided by 16?
13
What is the remainder when 1385114 is divided by 15045?
974
What is the remainder when 5833996 is divided by 90?
16
What is the remainder when 143075 is divided by 15721?
1586
What is the remainder when 59035 is divided by 1258?
1167
What is the remainder when 25858670 is divided by 49?
47
What is the remainder when 28878176 is divided by 4125449?
33
Calculate the remainder when 5684778 is divided by 4.
2
Calculate the remainder when 167408 is divided by 6437.
46
Calculate the remainder when 2243179 is divided by 232.
203
What is the remainder when 1171357889 is divided by 642?
641
What is the remainder when 22633204 is divided by 21?
13
Calculate the remainder when 2890664 is divided by 1984.
1960
What is the remainder when 723606 is divided by 951?
846
Calculate the remainder when 204894 is divided by 264.
30
Calculate the remainder when 1477246 is divided by 95.
91
What is the remainder when 512824559 is divided by 69?
68
What is the remainder when 1424321 is divided by 9?
8
Calculate the remainder when 116723 is divided by 7624.
2363
Calculate the remainder when 28928 is divided by 28084.
844
Calculate the remainder when 18475782 is divided by 3284.
3282
What is the remainder when 540883 is divided by 6?
1
What is the remainder when 1733636 is divided by 288927?
74
What is the remainder when 83853696 is divided by 886?
884
What is the remainder when 1259701 is divided by 74100?
1
What is the remainder when 272342 is divided by 791?
238
Calculate the remainder when 231813930 is divided by 2759.
2750
What is the remainder when 251622 is divided by 15?
12
What is the remainder when 1139724 is divided by 2462?
2280
Calculate the remainder when 2758708 is divided by 1431.
1171
Calculate the remainder when 90476196 is divided by 1870.
1856
What is the remainder when 496659 is divided by 29144?
1211
Calculate the remainder when 4494587 is divided by 3104.
3099
Calculate the remainder when 6423215 is divided by 4002.
5
What is the remainder when 14245199 is divided by 1800?
1799
Calculate the remainder when 14544 is divided by 11091.
3453
What is the remainder when 2458424 is divided by 28?
24
What is the remainder when 8476804 is divided by 4415?
4
Calculate the remainder when 7586783 is divided by 743.
10
Calculate the remainder when 139015733 is divided by 1094612.
9
What is the remainder when 1634631 is divided by 75?
6
What is the remainder when 69233614 is divided by 41?
30
What is the remainder when 62864 is divided by 2165?
79
What is the remainder when 9067269 is divided by 152?
13
Calculate the remainder when 715121 is divided by 3150.
71
Calculate the remainder when 271059 is divided by 13434.
2379
Calculate the remainder when 188509193 is divided by 3300.
3293
What is the remainder when 6190890 is divided by 65167?
25
Calculate the remainder when 95160586 is divided by 4670.
4666
Calculate the remainder when 53588245 is divided by 26794122.
1
Calculate the remainder when 4903484 is divided by 125.
109
What is the remainder when 2843799 is divided by 6987?
90
What is the remainder when 1215737 is divided by 67?
22
What is the remainder when 15815575 is divided by 1614?
1603
What is the remainder when 4140710 is divided by 27604?
110
What is the remainder when 8802406 is divided by 2118?
2116
Calculate the remainder when 309087 is divided by 43956.
1395
Calculate the remainder when 164062 is divided by 18114.
1036
What is the remainder when 7790357 is divided by 2639?
29
Calculate the remainder when 43506 is divided by 4282.
686
Calculate the remainder when 22185577 is divided by 104.
89
What is the remainder when 2468781 is divided by 1234208?
365
What is the remainder when 37000 is divided by 6009?
946
Calculate the remainder when 8584962 is divided by 213.
210
Calculate the remainder when 45885162 is divided by 1382.
1380
What is the remainder when 49426662 is divided by 3561?
3543
Calculate the remainder when 3394824 is divided by 665.
664
What is the remainder when 89148726 is divided by 55?
51
What is the remainder when 2251373 is divided by 503?
448
What is the remainder when 886309 is divided by 443084?
141
Calculate the remainder when 509364 is divided by 3382.
2064
What is the remainder when 13452201 is divided by 154?
147
What is the remainder when 66425194 is divided by 13285037?
9
Calculate the remainder when 210275 is divided by 17479.
527
Calculate the remainder when 2933860 is divided by 1188.
688
Calculate the remainder when 7134535 is divided by 7134507.
28
What is the remainder when 461399 is divided by 5516?
3571
Calculate the remainder when 1733882 is divided by 1551.
1415
Calculate the remainder when 958282 is divided by 2362.
1672
What is the remainder when 1339989 is divided by 44666?
9
What is the remainder when 194316 is divided by 32307?
474
Calculate the remainder when 124087 is divided by 2281.
913
Calculate the remainder when 44956 is divided by 3247.
2745
Calculate the remainder when 805265 is divided by 201201.
461
Calculate the remainder when 24645782 is divided by 1760412.
14
Calculate the remainder when 169641 is divided by 397.
122
What is the remainder when 2366974 is divided by 5932?
106
What is the remainder when 411872375 is divided by 1934?
1933
Calculate the remainder when 49012 is divided by 6091.
284
What is the remainder when 20868719 is divided by 4173743?
4
Calculate the remainder when 10126456 is divided by 306.
304
What is the remainder when 1060208 is divided by 3534?
8
Calculate the remainder when 524138 is divided by 210.
188
Calculate the remainder when 157771 is divided by 10852.
5843
What is the remainder when 30163 is divided by 14987?
189
What is the remainder when 14373775 is divided by 933?
910
What is the remainder when 44611 is divided by 1234?
187
Calculate the remainder when 47766264 is divided by 37.
4
What is the remainder when 44711585 is divided by 44711575?
10
Calculate the remainder when 56590879 is divided by 2125.
4
Calculate the remainder when 611046 is divided by 3101.
149
What is the remainder when 2065117 is divided by 5049?
76
What is the remainder when 2271924 is divided by 260?
44
Calculate the remainder when 353078 is divided by 70606.
48
What is the remainder when 9065 is divided by 8371?
694
What is the remainder when 44819 is divided by 21769?
1281
What is the remainder when 13081124 is divided by 28813?
22
Calculate the remainder when 13586983 is divided by 5.
3
Calculate the remainder when 867248 is divided by 867200.
48
What is the remainder when 29121636 is divided by 54?
30
Calculate the remainder when 53777030 is divided by 77.
76
What is the remainder when 10965637 is divided by 1935?
1927
What is the remainder when 4131719 is divided by 344301?
107
Calculate the remainder when 25328329 is divided by 190.
189
What is the remainder when 186288 is divided by 46561?
44
Calculate the remainder when 151033 is divided by 131.
121
Calculate the remainder when 106244 is divided by 21248.
4
What is the remainder when 919785 is divided by 29?
21
Calculate the remainder when 4480843 is divided by 1120201.
39
What is the remainder when